
38
What is the remainder when 43187 is divided by 123?
14
What is the remainder when 5126 is divided by 1274?
30
What is the remainder when 1078021 is divided by 8?
5
Calculate the remainder when 65781 is divided by 348.
9
What is the remainder when 6042 is divided by 60?
42
Calculate the remainder when 672702 is divided by 405.
402
What is the remainder when 29198 is divided by 200?
198
Calculate the remainder when 412233 is divided by 27.
24
What is the remainder when 7000 is divided by 581?
28
What is the remainder when 1154 is divided by 1091?
63
What is the remainder when 50578 is divided by 954?
16
Calculate the remainder when 48676 is divided by 1134.
1048
Calculate the remainder when 49792 is divided by 69.
43
What is the remainder when 31552 is divided by 15772?
8
What is the remainder when 95688 is divided by 912?
840
Calculate the remainder when 11576822 is divided by 31.
27
Calculate the remainder when 26454 is divided by 2933.
57
What is the remainder when 9745 is divided by 337?
309
What is the remainder when 4236 is divided by 53?
49
What is the remainder when 23190 is divided by 104?
102
What is the remainder when 22122 is divided by 282?
126
What is the remainder when 1260 is divided by 90?
0
What is the remainder when 5449 is divided by 1814?
7
Calculate the remainder when 244316 is divided by 81431.
23
Calculate the remainder when 49079 is divided by 48949.
130
What is the remainder when 1426 is divided by 236?
10
What is the remainder when 34326 is divided by 1227?
1197
Calculate the remainder when 1738784 is divided by 395.
389
Calculate the remainder when 10138 is divided by 63.
58
What is the remainder when 3472 is divided by 852?
64
What is the remainder when 5101158 is divided by 1341?
1335
What is the remainder when 692 is divided by 267?
158
Calculate the remainder when 9109 is divided by 2275.
9
Calculate the remainder when 3380705 is divided by 98.
97
What is the remainder when 27839 is divided by 27836?
3
Calculate the remainder when 9377 is divided by 426.
5
Calculate the remainder when 2110 is divided by 313.
232
Calculate the remainder when 167432 is divided by 115.
107
Calculate the remainder when 27000 is divided by 845.
805
Calculate the remainder when 249177 is divided by 30.
27
Calculate the remainder when 9665 is divided by 2105.
1245
What is the remainder when 3355 is divided by 160?
155
Calculate the remainder when 9454 is divided by 2284.
318
Calculate the remainder when 1641 is divided by 270.
21
What is the remainder when 2493 is divided by 445?
268
Calculate the remainder when 20195 is divided by 398.
295
Calculate the remainder when 6053 is divided by 3016.
21
What is the remainder when 2213 is divided by 147?
8
Calculate the remainder when 211164 is divided by 52787.
16
Calculate the remainder when 4227 is divided by 4.
3
Calculate the remainder when 396 is divided by 143.
110
Calculate the remainder when 2127308 is divided by 88.
84
Calculate the remainder when 19795 is divided by 50.
45
What is the remainder when 41483 is divided by 22?
13
What is the remainder when 43338 is divided by 24?
18
Calculate the remainder when 219852 is divided by 31407.
3
Calculate the remainder when 201668 is divided by 8.
4
Calculate the remainder when 570 is divided by 57.
0
Calculate the remainder when 137043 is divided by 89.
72
What is the remainder when 1776 is divided by 72?
48
What is the remainder when 186 is divided by 94?
92
What is the remainder when 26558 is divided by 263?
258
What is the remainder when 583295 is divided by 29164?
15
Calculate the remainder when 94929 is divided by 14.
9
What is the remainder when 3416 is divided by 784?
280
What is the remainder when 772 is divided by 129?
127
What is the remainder when 1846 is divided by 267?
244
What is the remainder when 40395 is divided by 569?
565
Calculate the remainder when 175410 is divided by 17539.
20
Calculate the remainder when 73704 is divided by 12275.
54
Calculate the remainder when 50728 is divided by 1300.
28
Calculate the remainder when 164268 is divided by 51.
48
What is the remainder when 286646 is divided by 143323?
0
Calculate the remainder when 65532 is divided by 91.
12
Calculate the remainder when 512137 is divided by 10.
7
What is the remainder when 73320 is divided by 1408?
104
Calculate the remainder when 61199 is divided by 69.
65
Calculate the remainder when 10273 is divided by 603.
22
What is the remainder when 4584734 is divided by 21?
14
What is the remainder when 16233 is divided by 70?
63
Calculate the remainder when 106842 is divided by 23.
7
Calculate the remainder when 849 is divided by 360.
129
Calculate the remainder when 1030 is divided by 19.
4
Calculate the remainder when 120409 is divided by 40130.
19
Calculate the remainder when 11470 is divided by 94.
2
What is the remainder when 16793 is divided by 5594?
11
Calculate the remainder when 5111 is divided by 28.
15
What is the remainder when 77583 is divided by 38736?
111
Calculate the remainder when 786 is divided by 33.
27
What is the remainder when 6329 is divided by 44?
37
Calculate the remainder when 196638 is divided by 49154.
22
Calculate the remainder when 27671 is divided by 477.
5
Calculate the remainder when 659359 is divided by 219781.
16
Calculate the remainder when 4097 is divided by 11.
5
What is the remainder when 36782 is divided by 13?
5
Calculate the remainder when 13217 is divided by 63.
50
Calculate the remainder when 3298 is divided by 230.
78
Calculate the remainder when 2755 is divided by 2500.
255
Calculate the remainder when 1330749 is divided by 956.
953
Calculate the remainder when 43714 is divided by 4854.
28
Calculate the remainder when 244701 is divided by 2447.
1
What is the remainder when 5252 is divided by 136?
84
What is the remainder when 11426 is divided by 2855?
6
What is the remainder when 191176 is divided by 569?
561
Calculate the remainder when 50367 is divided by 16.
15
What is the remainder when 328245 is divided by 24?
21
Calculate the remainder when 112327 is divided by 206.
57
Calculate the remainder when 58309 is divided by 279.
277
What is the remainder when 111454 is divided by 391?
19
Calculate the remainder when 44107 is divided by 61.
4
What is the remainder when 3977 is divided by 180?
17
What is the remainder when 714 is divided by 372?
342
What is the remainder when 3294 is divided by 264?
126
Calculate the remainder when 355342 is divided by 1107.
1102
What is the remainder when 78687 is divided by 915?
912
What is the remainder when 2433 is divided by 2365?
68
What is the remainder when 184295 is divided by 293?
291
Calculate the remainder when 1349 is divided by 176.
117
Calculate the remainder when 35736 is divided by 17826.
84
Calculate the remainder when 1111 is divided by 297.
220
Calculate the remainder when 302680 is divided by 24.
16
What is the remainder when 7013 is divided by 188?
57
What is the remainder when 3026 is divided by 529?
381
What is the remainder when 7708 is divided by 3003?
1702
What is the remainder when 4009005 is divided by 68?
65
What is the remainder when 791169 is divided by 122?
121
Calculate the remainder when 10744 is divided by 1180.
124
What is the remainder when 264449 is divided by 13917?
26
What is the remainder when 2999 is divided by 1496?
7
What is the remainder when 17369 is divided by 7997?
1375
Calculate the remainder when 40796 is divided by 95.
41
Calculate the remainder when 2645369 is divided by 30.
29
What is the remainder when 455 is divided by 432?
23
Calculate the remainder when 72564 is divided by 81.
69
What is the remainder when 283521 is divided by 70877?
13
What is the remainder when 2397659 is divided by 743?
741
What is the remainder when 18903 is divided by 3778?
13
What is the remainder when 2939 is divided by 724?
43
Calculate the remainder when 184145 is divided by 5114.
41
Calculate the remainder when 3397 is divided by 198.
31
What is the remainder when 3153 is divided by 186?
177
Calculate the remainder when 348148 is divided by 56.
52
Calculate the remainder when 519 is divided by 485.
34
Calculate the remainder when 26876 is divided by 35.
31
Calculate the remainder when 520952 is divided by 57881.
23
What is the remainder when